400 and g.
50
Suppose -j + k - 2 = -4, 32 = 4*j + 2*k. Suppose -12 = c - 15. What is the highest common divisor of j and c?
3
Suppose 3*p - 5 = 1. Suppose 5*n - 11 = -l, -1 = -2*n + 5*l - p. Let s be (12/16)/(6/16). What is the highest common divisor of s and n?
2
Suppose 6*q - 3*q = d - 17, 2*d = -q + 6. Suppose -d = m - 13. What is the highest common factor of 3 and m?
1
Suppose -110 - 1120 = -15*h. What is the greatest common divisor of h and 2?
2
Suppose p = g + 15, -85*p - 51 = -88*p + 5*g. Suppose 1 = 2*l - 7. Suppose n = -1, l*n = 6*b - b - 664. What is the greatest common divisor of b and p?
12
Suppose 3*j + 8 = 14, -2*d + 52 = 5*j. What is the highest common factor of d and 12?
3
Suppose -q - 4*a = 0, -4*q + 3*a = -a - 40. Let n = 24 + -23. Suppose -n = -6*s + 5. What is the greatest common factor of q and s?
1
Let q(i) = 39*i - 155. Let p be q(5). What is the highest common factor of 340 and p?
20
Let d be ((-3)/6)/(7/(-196)). Let u(t) = -t**2 + 16*t - 20. Let l be u(d). Let w = 37 + -5. What is the greatest common divisor of l and w?
8
Let z(u) = 41*u**2 + 5*u + 5. Let h be z(-2). Suppose 3 = a, 3*a + h = o + 2*o. Let p = 133 - 49. What is the greatest common factor of o and p?
28
Suppose -5*v = 2*w - 194, 0*v = -5*v + w + 203. Suppose v = -f - 4*f. Let z be 550/40 - 2/f. What is the highest common factor of 56 and z?
14
Let z = 382 + 863. Calculate the greatest common divisor of z and 15.
15
Let u(w) = 9*w - 116. Let g be u(14). What is the greatest common factor of 15 and g?
5
Let k(r) = -2*r**3 - 22*r**2 - 14*r - 15. Let z be k(-15). Calculate the highest common factor of z and 105.
105
Let n be 1800/(-7 + 16) + (-3 - 2). Calculate the greatest common factor of n and 6.
3
Let w = -144 - -228. Let c = -44 + w. What is the greatest common divisor of 10 and c?
10
Let r be ((-32)/80)/((-1)/5). Let l be 3/(-6)*-3*r. What is the greatest common factor of 24 and l?
3
Let q be (-4)/(-16) + 357/12. What is the highest common divisor of q and 6?
6
Let t = 35 - 34. Suppose -g - t = -3*m, -5*g + 3*m = -4 - 3. Calculate the greatest common factor of 4 and g.
2
Let k be (-33)/(-1)*(-4)/(60/(-5)). Calculate the greatest common divisor of k and 88.
11
Let c = 144 - 158. Let u be ((-54)/(-5))/((-11)/(385/c)). Calculate the greatest common divisor of 9 and u.
9
Let y(w) = -w**2 - 6*w + 7. Let q be y(-6). Let s be (2/3)/((-18)/(-162)). Suppose -u - 35 = -s*u. What is the greatest common divisor of u and q?
7
Let u(t) = 12*t - 8. Let s be u(8). Let i(z) = -8*z - 178. Let k be i(-25). Calculate the greatest common factor of k and s.
22
Suppose -4*x + 2810 = 2*k + k, 2*x - 1410 = k. Let g = x - 473. Calculate the highest common divisor of g and 21.
21
Let r be (-12 - -11)/(1/(-5)). Let p be 4/(-6) - 137/(-3). Calculate the greatest common divisor of r and p.
5
Let s = 246 - 169. Let g = 110 - s. What is the highest common divisor of 3 and g?
3
Let b = 197 + -241. Suppose 82 - 14 = -p. Let y = b - p. What is the highest common divisor of 48 and y?
24
Let k(a) = -2*a**3 + 23*a**2 - 12*a + 25. Let r be k(11). Calculate the highest common factor of r and 182.
14
Suppose -15*w - 2*w = -5440. Let s(b) = -41*b**3 - 2*b**2 + 1. Let h be s(-1). Calculate the highest common divisor of h and w.
40
Let t be ((-264)/(-40) + -5)/((-2)/30). Let f be (t/(-14))/((-28)/(-490)). What is the greatest common factor of f and 6?
6
Let t(f) = f**2 + 7*f + 6. Suppose -13 - 14 = -5*w - 2*i, 4*w - 40 = 3*i. Let b be t(w). What is the highest common divisor of b and 26?
26
Suppose 0 = -9*p - 81 + 513. Suppose 0*x = 4*x - 24. Calculate the highest common factor of x and p.
6
Suppose 3 = -a - 2*t + 29, 2*a + 2*t = 46. What is the highest common divisor of a and 640?
20
Suppose 13*m - 432 = -120. Calculate the highest common factor of m and 36.
12
Let w be ((-932)/20)/(3/(-15)). Let g be w/11 + (-14)/77. What is the highest common divisor of g and 84?
21
Let c = 1227 - 1221. Calculate the highest common divisor of c and 138.
6
Let v = 16 + -10. Let h(q) = -q**2 + 8*q - 6. Let r be h(v). Suppose 0 = 7*s - 5*s - 96. Calculate the greatest common divisor of s and r.
6
Suppose 11*n - 7*n - 912 = 0. What is the greatest common factor of n and 57?
57
Let q(v) = -2*v**2 - 55*v - 1. Let m be q(-26). Suppose 3*u - 2*u = -3*x + 2, -5*u = -2*x - 61. What is the greatest common divisor of u and m?
11
Suppose 2*l - 113 + 3 = 4*o, -2*o = 0. Let w(t) = -t + 11. Let d be w(0). What is the highest common divisor of d and l?
11
Let c(o) = 2*o + 222. Let b be c(-11). What is the highest common factor of 75 and b?
25
Let a = 32 + -23. Let b = a - 10. Let o = b - -5. What is the highest common factor of o and 44?
4
Let w(d) = 6*d**2 - 4*d - 65. Let c be w(-6). Calculate the highest common divisor of 70 and c.
35
Let w = 554 + -86. What is the highest common divisor of w and 52?
52
Let o = -84 - -124. Suppose 4*p = -16 + o. Let a = -44 - -68. Calculate the highest common divisor of p and a.
6
Let o = -451 - -499. What is the highest common divisor of o and 384?
48
Suppose 11*b = 6*b + 475. Calculate the highest common factor of b and 38.
19
Let b = 9 - 7. Let d be 4*b/(-4) - -7. Suppose 3*n = d*n - 14. What is the highest common divisor of 49 and n?
7
Let o be ((-4)/(-2))/((-2)/(-5)). Let g be ((-360)/216)/(25/(-12) - -2). What is the highest common divisor of o and g?
5
Let v = -1198 + 1744. Calculate the greatest common factor of 18 and v.
6
Let h = 37 + -33. Let d be 0 + 72 - h/((-4)/3). Let o(r) = 31*r**2 - 2*r + 1. Let v be o(1). What is the highest common divisor of v and d?
15
Let z = 12 + -11. Let y be 8/16*(z + 7). Suppose y*n = 8*n - 60. What is the greatest common factor of 30 and n?
15
Suppose -10*l - 5*r + 6 = -11*l, 0 = -2*l + 4*r + 12. Let n = -3 + 4. Let y be 2 - 0/(2/n). What is the greatest common factor of l and y?
2
Suppose 8*h - 4*h + 58 = s, -3*s - 4*h + 94 = 0. What is the greatest common divisor of 38 and s?
38
Suppose 5*c + 12 = 12. Suppose -5*j - 2*z + 38 = -c*z, -4*z = -3*j + 2. What is the greatest common factor of 3 and j?
3
Suppose 0 = -4*p + 2*p - 4. Let z be 579/6 - (-1)/p. Suppose -4*g - l + z = 0, 3*g = -3*l + 98 - 17. Calculate the greatest common divisor of 69 and g.
23
Let d(m) = -m + 75. Let y be d(31). What is the greatest common factor of y and 4?
4
Suppose 4*c - 2*k - 6 = -5*k, 5*c + k - 2 = 0. Suppose 3*m = -c*m + 45. Let t = -145 + 155. What is the highest common factor of t and m?
5
Let p be (42 + -10)/((-3)/6 - -1). Let z = -7 + 15. Calculate the highest common divisor of z and p.
8
Suppose 0 = -65*b + 61*b + 288. Calculate the greatest common factor of 576 and b.
72
Let z(v) = v**2 + 10*v - 56. Let l be z(17). What is the greatest common factor of l and 31?
31
Let f(x) = 5*x**2 + 19*x + 70. Let z be f(-5). What is the greatest common divisor of 150 and z?
50
Let x be ((-96)/15)/(1/(-5)). Let y(j) = 10*j**2 - 11*j + 23. Let t be y(3). Calculate the greatest common factor of x and t.
16
Let u = 153 + -103. Suppose -4*a + 5*q = -100, 0 = 8*q - 7*q + 4. Calculate the highest common divisor of a and u.
10
Suppose -5*k + 0*x = x - 13, -4*k = -x - 5. Suppose -5*z + k*q = -73 - 49, -94 = -3*z - 4*q. Let a = 68 - z. Calculate the greatest common divisor of a and 6.
6
Let u(p) = 2*p**2 + 18*p. Let h be u(-10). What is the greatest common factor of 5 and h?
5
Let c be (64/(-80))/(1/(-5)). What is the greatest common factor of 436 and c?
4
Suppose -c + 0*l + l = -66, 2*c - 129 = 3*l. Suppose 0 = -5*r + 4*z + c + 15, -r = 4*z - 36. What is the greatest common factor of 80 and r?
20
Suppose -5 = 5*p - 5*z, 0 = p + p - 3*z + 5. Suppose -r = -i - p*r + 98, i + 4*r = 113. What is the highest common divisor of i and 31?
31
Let z = 5 + 12. Let m be ((-1)/(-2))/((-2)/(-20)). Suppose -3*n + 166 = 2*k - 2*n, -m*n - 20 = 0. What is the highest common divisor of k and z?
17
Let d be (-208)/(-15) + 32/240. Calculate the greatest common divisor of d and 91.
7
Suppose -150*g = -154*g + 64. Calculate the highest common factor of g and 304.
16
Let s(h) = h**3 - 6*h**2 - 8. Let x = -17 - -24. Let i be s(x). Suppose 0 = -5*k - c + i, 4*c - 21 = -4*k + 15. Calculate the highest common factor of k and 32.
8
Suppose 15*t + 1005 - 2625 = 0. Let n(v) = 6*v - 11. Let c be n(9). Let s = c -